et v(p) = 2*p + 5. Let q(g) = 5*n(g) + 4*v(g). What is q(d)?
-12
Let z(j) = j**3 - 2*j**2 - 3*j + 3. Let d be z(3). Suppose -5*y = -b - 30, 0 = d*y - 4*b + 6*b - 5. Let i(a) = -a**2 + 5*a - 1. Calculate i(y).
-1
Suppose 4*b - 8*b - 40 = -5*v, 2*v - 29 = -b. Let w(f) be the second derivative of f**5/20 - 11*f**4/12 - 11*f**3/6 - 6*f**2 + 3*f + 2. Calculate w(v).
0
Let j(l) = -2*l - 1. Let n(s) = -7*s + 7. Let m(v) = 2*j(v) - n(v). Determine m(10).
21
Let a(f) = 7*f**2 - 10*f - 1. Let d(o) = 20*o**2 - 29*o - 4. Let m(x) = -17*a(x) + 6*d(x). Calculate m(5).
-2
Suppose 2 = -2*m + 4*t - 14, -20 = -4*t. Let g be 1 + m - (1 - 0). Let q(r) = 4*r. Determine q(g).
8
Let g(s) = -11*s**2 - 4*s - 3. Suppose 3*z + 3 = b, 9*b - 7 = 5*z + 8*b. Determine g(z).
-39
Let q(u) = u - 5. Suppose -7*t + 16 = 44. Determine q(t).
-9
Let r(p) = p**3 - 6*p**2 + p + 4. Let d = 15 + 1. Suppose 6*g - d = 2*g. Let v be (36/15)/(g/10). Determine r(v).
10
Let p(v) = 27 + v**2 - 46 + 28 - 12*v - 11. Determine p(9).
-29
Suppose 9*a - 4*a - 15 = 0. Suppose 6 = -0*j + a*j. Let i(h) = -3*h**j + 0*h**3 - h**3 + h**2 + 2 + 0 + h. Calculate i(-2).
0
Let i(d) = -d**3 - 2*d**2 - 5*d - 2. Suppose -84 = -24*v + 45*v. What is i(v)?
50
Let b(n) = -16346 + 8171 + 2*n + 8181. Suppose 4*z + 9 = -7. Give b(z).
-2
Let y(j) = -2*j**2 + 7*j - 6. Suppose -12*l + 16 = -8*l. Determine y(l).
-10
Let t(b) = 12*b**2 - 2*b**2 + 2*b**2 - 5*b**2 + 2. Calculate t(-2).
30
Let l(m) = -m**2 - 9*m + 26. Let u be l(-11). Suppose d - 4*d + 21 = 4*j, 4*d = u*j. Let t(n) = -10 + 5 + 5 + n**2 + 4*n + j. What is t(-6)?
15
Suppose -2*x = -x - 3, 0 = -5*f + x + 42. Let l(d) = -d + 6. Let i(y) = 3*y - 18. Let s(r) = 2*i(r) + 7*l(r). Determine s(f).
-3
Let x(g) = g**2 - 5*g - 2. Suppose -v = -4*i - 6 - 7, 4*v + 3*i = 90. Suppose -5 + v = 4*z. What is x(z)?
-6
Let d(f) be the first derivative of f**5/20 - f**3/3 - 3*f**2/2 + 4*f + 13. Let w(z) be the first derivative of d(z). Determine w(3).
18
Suppose -n - 2*d + 11 = 0, 4*n + 2*d = 4*d + 24. Let r(q) = -q**3 + 6*q**2 + 10*q - 14. Calculate r(n).
7
Suppose -4*m - 59 = -11. Let k be 77/(-42) + 2/m. Let t(u) = 9*u - 6. Let d(i) = 6*i - 4. Let x(c) = 8*d(c) - 5*t(c). What is x(k)?
-8
Let q(w) = -w**3 - 4*w**2 - 4806 - w**2 + 4808. Let m be (5/(-2))/(-1)*-2. Calculate q(m).
2
Let f(r) = 30*r - 14. Let u be f(3). Let s = u + -81. Let t(b) = -b**3 - 6*b**2 - 5*b + 5. Determine t(s).
5
Suppose -2*s = s + 48. Let x be s/6*15/10. Let d(m) = -4*m - 6. Determine d(x).
10
Let x(i) = -i + 3. Let c(b) = -3*b + 7. Let o(s) = 2*c(s) - 5*x(s). Let m(t) = -4*t - 17. Let y(h) = m(h) - 3*o(h). Give y(-11).
-3
Let c(s) = s**3 + 5*s**2 - 7. Suppose 4*i + 0 = 4. Suppose -5*p - i - 24 = 0. What is c(p)?
-7
Suppose 3*z - 13 + 36 = -5*y, 5 = 3*z - 2*y. Let d(m) = -7*m**3 + 2*m**2 + 2*m + 1. What is d(z)?
8
Let k = 27 + -19. Let s(f) = k*f - 10 - f + 2 + 7. Determine s(-3).
-22
Let d(q) = q**3 - 8*q**2 + 6*q - 5. Suppose -15 = -c + 8. Let j(i) = 4*i**3 + 2*i**3 - c*i**2 - 3*i**3 + 18*i - 15. Let z(k) = -8*d(k) + 3*j(k). Give z(4).
3
Let q(r) = -r**2 - 9*r + 64. Let p be q(-14). Let u(o) = 3*o - 4. Let j(t) = 2*t - 3. Let k(d) = 7*j(d) - 5*u(d). Determine k(p).
5
Let n(y) = -y**2 + y - 1. Let v(i) = -7*i**2 + 22*i - 23. Let a(o) = -6*n(o) + v(o). What is a(15)?
-2
Let z be 2/(2 - (-24)/(-15)). Let s(r) = r + 3. Let g be s(z). Suppose g*y + 10 = 10*y. Let p(d) = d**3 - 5*d**2 - 1. Give p(y).
-1
Let f(i) = -i**2 - 3*i + 1. Suppose -6*d + d + 195 = 0. Let q = 35 - d. What is f(q)?
-3
Let a(q) = q**3 + 3*q**2 - 3*q + 2. Suppose 5*l - 35 = -0*l. Suppose 0 = s + 10 + 1. Let o = s + l. Calculate a(o).
-2
Let u(i) be the second derivative of 0 + 5/6*i**3 + 7/12*i**4 + 1/20*i**5 - 3*i**2 - 14*i. What is u(-6)?
0
Let y(s) = -s**2 + 2*s + 1. Let c(n) = -2 + n**2 - 3*n**2 - n + 3*n**2. Let j be c(-2). Suppose j*l - 14 + 2 = 0. What is y(l)?
-2
Let w(g) be the third derivative of -g**4/24 - g**3/2 + g**2. Let z(a) = a**2 - 2*a - 15. Let k be -2*(-44)/16 - 1/2. Let p be z(k). Give w(p).
-3
Let r(x) = -4 - x**2 + 3*x + 3 - 2*x. Let l(o) = -2*o - 6. Let p be l(-6). Suppose -p*f - 4 = -8*f. Give r(f).
-3
Let k be 12/36 - (-40)/6. Let t(d) = -7 + k*d**2 - 2*d**2 - 6*d - 5*d - 3*d**2. Let l be t(6). Let f(s) = 3*s**2 - s - 1. Determine f(l).
3
Let h(l) = l**3 + 16*l**2 + 15*l - 99 - 106 + 206. What is h(-15)?
1
Let i(p) = -p + 3. Let l(x) = -1. Let d(c) = -i(c) - 5*l(c). Let m(o) = -o - 3. Let a(g) = -5*d(g) - 3*m(g). What is a(6)?
-13
Let f(x) = x**2 + 8*x - 2. Let w(m) = m**3 + m**2 + 5*m - 9. Let s be w(0). Give f(s).
7
Let t(s) = s + 5. Let m be t(0). Suppose c - 17 = -5*g, 0 = 3*c - g + m*g - 7. Let u be (-3)/((c/4)/(-1)). Let n(p) = 2*p + 2. Determine n(u).
-6
Let a(q) = -q**3 + 1 - 3*q**2 + 0 + 0*q**2. Let k = 180 - 183. Calculate a(k).
1
Let x(l) be the second derivative of l**5/20 - 13*l**4/12 + 7*l**3/3 - 29*l**2/2 - 15*l. Let s be x(12). Let a(q) = -q + 6. Calculate a(s).
11
Suppose 5 = -2*m + 23. Let b(r) = r**2 + 0*r - m*r + 9 - r. Give b(7).
-12
Let y(h) be the first derivative of -1/3*h**3 + h - 1/2*h**2 - 14. Calculate y(-1).
1
Let i(j) be the third derivative of -j**4/24 + 29*j**3/6 - 13*j**2. Let p be i(22). Let s(c) = c**2 - 6*c - 5. Calculate s(p).
2
Let c(n) = -n**2 - 13*n - 3. Let x(q) = -5*q**3 + 11*q**2 - 9*q + 2. Let z be x(2). What is c(z)?
9
Let l(v) = -7*v - 40. Let a(u) = -3*u - 14. Let z(m) = 11*a(m) - 4*l(m). Calculate z(0).
6
Suppose -92*q + 103*q = 11. Let m(o) = 40*o + 1. Give m(q).
41
Suppose 43*q + 92 - 307 = 0. Let m(o) = 4*o + 5. Calculate m(q).
25
Let v be 2/(-4)*(-27 - 1). Suppose 4*i - 1 = -2*t + i, -4*i - v = -5*t. Suppose t*m = m + 5. Let j(h) = h**3 - 6*h**2 + 3*h + 6. Calculate j(m).
-4
Let p(r) = -6 - 9*r + 0*r**2 - 4*r**2 + r**3 + 9*r**2. Let u be ((-12)/(-14))/(-2*5/70). Give p(u).
12
Let h(i) = -i**2 + i + 2. Let x be h(0). Let c(z) = -3379278 + z + 3379278. Determine c(x).
2
Let c = 1652 + -1646. Let v(i) = -i**2 + i - 4. Give v(c).
-34
Let q(c) = c**2 + 6*c - 3. Let s(d) = -d**2 - 4*d + 2. Let n(b) = 4*q(b) + 5*s(b). Suppose 2*a - 16 = -2*a. What is n(a)?
-2
Let g(v) = 5*v**3 + 3*v + 2. Let k be (-2)/(12/66 - 20/(-11)). Give g(k).
-6
Let s(l) = -1. Let z(f) = -5*f**2 - 34*f + 17*f - f**3 + 20*f - 9 + 0*f**3. Let y(u) = -2*s(u) + z(u). Give y(-6).
11
Let b(c) = c**3 + c - 18. Let d(a) = -a**3 + 28*a**2 - 28*a + 27. Let r be d(27). Give b(r).
-18
Let y(f) = -6*f - 14*f**2 + 0*f + 15*f**2 + 1 + 8. Suppose 3*x - g - 21 = 0, -3*x + 2*g + 17 + 7 = 0. What is y(x)?
9
Let h(a) be the third derivative of -a**6/20 + a**5/30 - a**3/6 - 9*a**2 - 5*a. Calculate h(1).
-5
Let g(z) = 37*z - 92. Let h be g(2). Let w(m) = m + 15. What is w(h)?
-3
Let i(s) = -s**3 - 9*s**2 - s - 5. Let u be i(-8). Let f = -65 - u. Let y(z) = z**3 + 4*z**2 + 3*z + 5. Determine y(f).
-7
Suppose 0 = -3*q - 1 + 7. Let y(c) = 2 + c - q. Let b(k) = k**2 - k + 1. Let n be b(0). What is y(n)?
1
Let i be 2/8 - 7/28. Let j(h) = -2*h - 1 + i + h. What is j(-8)?
7
Let d(a) = a - 14. Let f(z) = 14*z - 77. Let h(g) = 6*d(g) - f(g). Give h(5).
-47
Let o = 25 - 22. Suppose o*s - 49 + 52 = 0. Let f(c) = -2*c + 1 - 2 - 8*c. Calculate f(s).
9
Let j be (-15)/(-27)*3 + (-3)/(-9). Let p(r) be the second derivative of 0*r**2 - 1/3*r**3 + 0 - j*r. What is p(-4)?
8
Suppose -i = -s + 1, s - 3*s - 13 = 3*i. Let g(w) be the third derivative of -w**5/20 - w**4/24 + w**3/6 + 2*w**2. Give g(s).
-9
Let p = -45 + 47. Suppose -x = -3*t + 10, -x + p*x + 2*t = 15. Let l(a) = -2*a + 7. Determine l(x).
-3
Let a(q) = 3*q**2 + q + 1. Let i be 3/(-2)*24/(-36). Let b(o) = 1 + 3 + i + o - 2. Let h be b(-4). Give a(h).
3
Suppose -4*i = -d - 1, -3*d + 2*i + 22 = 5. Suppose d*r + 3 = -18. Let w(c) = c**3 + 4*c**2 - 4. Calculate w(r).
5
Suppose l - 2*s = 3 + 5, -2*l - s + 1 = 0. Let y(c) = c**2 + 2*c. Let m = 9 + -18. Let u(j) = -4*j**2 - 9*j. Let v(h) = m*y(h) - 2*u(h). Determine v(l).
-4
Let f(h) be the second derivative of h**3/6 + h**2 + 236*h. Let l = -27 - -19. Let o be 22/8 - 2/l. What is f(o)?
5
Let r(x) = x**3 - 9*x**2 - 14*x - 3. Suppose 175 = 17*u + 5. Determine r(u).
-43
Let w(v) be the third derivative of -v**6/120 - v**5/12 + 13*v**4/24 + v**3/2 - 42*v**2 + 1. Determine w(-7).
10
Let v(f) = 3*f + 2. Let k = 4 + -4. Suppose r = 3*q